actors of (-24)/(-108)*(-1 + 10).
2
Let t(c) = -c**2 + c + 12. Let f = -1 + 1. What are the prime factors of t(f)?
2, 3
Let a = -3 - -15. List the prime factors of a/42 + 117/7.
17
Suppose 5*t - 34 = 26. What are the prime factors of 109/3 + (-4)/t?
2, 3
Suppose 4*q + 2*t = 5*q - 169, -q + t = -169. List the prime factors of q.
13
Let h(x) = 7*x**3 - x. Let s be h(1). Suppose -3*y + 2 = 5. List the prime factors of -5*(y - s/(-10)).
2
Suppose -1 - 1 = l, 3*d + 3*l - 18 = 0. Let h be (d/14)/((-10)/(-35)). Suppose -9 = -3*s + h*s. List the prime factors of s.
3
Let l(r) = -5*r - 1. Let y be l(-8). Let u = -19 + y. List the prime factors of u.
2, 5
Suppose 3*v = 4*v + 1. Let x = v + 4. Let g = x - -3. List the prime factors of g.
2, 3
Suppose -2*i + 93 = -3*x, -5*x - 48 - 51 = -2*i. List the prime factors of ((-28)/i)/((-1)/3).
2
Let h(i) = i**2 + 6*i + 3. Let d be h(-5). List the prime factors of d/(-5) - (-126)/10.
13
Let g = -11 + 21. What are the prime factors of g?
2, 5
Let c(x) = -4*x - 6. Suppose 0 = w + i + 7, 2*i + 17 = -3*w + 3*i. What are the prime factors of c(w)?
2, 3
Let i(j) = j + 10. List the prime factors of i(10).
2, 5
Let d(u) = u**3 - 8*u**2 - 2*u - 3. Let i(l) = 2 + 6*l + 23*l**2 - l**3 - 2*l**3 + 6. Let b(r) = 8*d(r) + 3*i(r). What are the prime factors of b(5)?
2, 5
Suppose 3*i - 15 - 57 = -3*l, -3*l - 6 = 0. What are the prime factors of i?
2, 13
Suppose -5*m + 0 = -20. Let r(x) = 9*x**3 + 2*x**2 - 2*x + 1. Let l be r(1). Suppose 0 = 5*n + m*g - 23, -n - g = -2*g - l. What are the prime factors of n?
7
Let t = 34 - 21. List the prime factors of 9/(-1 + t/10).
2, 3, 5
Suppose 0 = 2*b + 4 - 0, 5*g - 2*b - 134 = 0. Suppose -o = -2*m + 8, 3*m + 2*o - g = -0*m. List the prime factors of m.
2, 3
Suppose -140 = -w + 17. List the prime factors of w.
157
Let x = -14 - -13. List the prime factors of (-4)/(-1 + x/(-2)).
2
Suppose 0 = x + 11 - 74. List the prime factors of x.
3, 7
Let h(w) = -w**3 + 11*w**2 + 23*w - 12. List the prime factors of h(11).
241
Let x be (9/15)/(2/10). Suppose -5*h + 65 = 5*n, -x*n = -3*h + 5 + 22. List the prime factors of h.
11
Let l = -8 + 6. What are the prime factors of 4*-13*l/8?
13
Suppose -5*d = 5*l - 825 + 50, -3*l = -5*d + 735. Suppose -6*w + 3*w = -d. List the prime factors of w.
2, 5
Let z(a) = a**2 + 3*a + 5. What are the prime factors of z(-4)?
3
Suppose 3*y - 2*p = 3*p + 276, -p = 0. List the prime factors of y.
2, 23
Let x = 5 + -4. Let q = -1 + x. What are the prime factors of 8/(q - 2)*-1?
2
Suppose 2*b - 542 = 3*u - 8*u, 0 = 2*u - 5*b - 240. Suppose -4*x = x - u. Suppose 2*i + 4 = x. What are the prime factors of i?
3
Suppose 0 = 15*v - 20*v + 1810. What are the prime factors of v?
2, 181
Let b = 1 + -1. Let q = b - 0. Suppose q = m + 4, 5*j + 6 = -4*m - 0. List the prime factors of j.
2
Suppose 145 + 91 = 4*f. What are the prime factors of f?
59
Suppose 3*b + 3*w - 6 - 12 = 0, 3*b = 5*w + 42. Let u(a) = a**3 - 8*a**2 - 7*a - 9. What are the prime factors of u(b)?
3
What are the prime factors of 184/(-28)*-4 + (-2)/7?
2, 13
Let a(u) = 2*u**2 - 6*u + 6. Let f(o) = -3*o**2 + 11*o - 11. Let j(t) = -5*a(t) - 3*f(t). Let c be j(-3). List the prime factors of (c*-1 + 1)/(-1).
2
Suppose -o + 1 = -5. Suppose 24 = -3*f + o*f. List the prime factors of f.
2
Let m = -52 + 197. List the prime factors of m.
5, 29
Suppose -4*g = -4*x + 992, 266 = x + 4*g + 8. List the prime factors of x.
2, 5
Let a = 4 + -12. Let t = a + 10. List the prime factors of 10 + (-2)/(t/3).
7
Let l = 5 - 2. Suppose l*m - 7*m = 128. What are the prime factors of ((-24)/m)/(2/40)?
3, 5
Suppose 0 = -2*a - t + 81, -a + 27 + 9 = 2*t. Suppose r - a = -r. List the prime factors of r.
3, 7
Suppose -2*t + 1 + 17 = 0. Let p = 8 + t. What are the prime factors of p?
17
Let p(l) = -l**3 - 3*l**2 - 5*l - 4. Let n(c) = 3*c + 2. Let w be n(-2). What are the prime factors of p(w)?
2
Suppose 0*h - h = 5, 13 = t - 2*h. Suppose t*y = 2*m + 113, 5*m - 75 = -3*y + 52. What are the prime factors of y?
3, 13
Let l(y) = -2*y + 1. Let b be l(-6). Let h = b + -6. What are the prime factors of h?
7
Suppose -3*z + 2 + 13 = 0. Let n be (-60)/(-9)*12/1. Suppose 4*c = t + 4*t + n, t = -z*c + 71. What are the prime factors of c?
3, 5
Let g(b) = -b**2 + 7*b - 3. Let d be g(6). Let q(a) be the first derivative of a**3/3 + a**2/2 - a + 2. List the prime factors of q(d).
11
Suppose 0 = 3*p + 3*z - 21, 3*z = -5*p + 32 + 9. Suppose 3*y - 8 - p = 0. What are the prime factors of y?
2, 3
Let w(m) = 5*m - 3*m - 3*m + 3 + 2*m. What are the prime factors of w(11)?
2, 7
Let x = 2 - -2. Suppose -46 + 18 = -x*s. List the prime factors of s.
7
Let n(y) be the first derivative of -y**4/4 + 2*y**3 - y**2/2 - 6*y + 1. List the prime factors of n(5).
2, 7
What are the prime factors of 51 + 0 + -1 + -1?
7
Suppose 2*b - 18 = -0*b. Let q = 22 - b. What are the prime factors of q?
13
Suppose -4*j + 282 = -j. List the prime factors of j.
2, 47
Suppose 2*j = -2*z + 24, 0*j - 5*z + 12 = j. List the prime factors of j.
2, 3
Let r = -5 - -4. Let o be 1*(2 + r) + 1. Suppose -o*y + 1 = -5. What are the prime factors of y?
3
Let y = 1 + 4. Suppose -90 = 2*i - y*i. What are the prime factors of i?
2, 3, 5
Let x(m) = -m**2 - 3*m + 6. Let p be x(-5). Suppose -z + 4*z - 12 = 3*k, 5*z + 4*k - 38 = 0. Let o = z + p. List the prime factors of o.
2
Let d = 6 + 3. Suppose -o + d = -0*o. Let y(z) = -z**2 + 11*z - 12. What are the prime factors of y(o)?
2, 3
Let n = -3 + 5. Suppose 6 = -0*h + n*h. List the prime factors of (0/h - -1)*5.
5
Let p = 54 + 135. What are the prime factors of p?
3, 7
Suppose -2*d - q + 80 = -3*q, 4*d + 3*q = 195. What are the prime factors of 1233/d - 3/(-5)?
2, 7
Let r = 16 + 2. List the prime factors of r.
2, 3
List the prime factors of (-5)/(20/(-348)) - -4.
7, 13
Let i(m) be the first derivative of -m**2/2 - 2*m + 1. Let c be i(-7). Suppose -4*y + 8*y + l = 28, c*y = -2*l + 32. List the prime factors of y.
2
Let n(d) = -d - 8. Suppose 5*j - j + 32 = 0. Let y be n(j). Suppose 0 = -y*i - i - 3*x + 27, 44 = 4*i - 4*x. What are the prime factors of i?
3, 5
Let b(t) = -t + 13. Let d be b(11). List the prime factors of (d - 4)/((-3)/45).
2, 3, 5
Let n be 16/6*(-12)/(-1). Let o = n - 24. List the prime factors of o.
2
Let v(i) = 3*i - 1. Let b be v(2). Suppose -4*n + b*n - 5*q = 4, 2*n - 2*q - 16 = 0. List the prime factors of n.
3
Let r be (-23)/(-5) + (-10)/(-25). Suppose r*h - 8 = h. Suppose 0 = p - 0*s - s - 21, p - 6 = -h*s. List the prime factors of p.
2
Let h be 3/(-6) - (-1)/2. Suppose -2*n + 96 = 4*a - 78, h = -a + 2*n + 41. List the prime factors of a.
43
List the prime factors of 96 - 8/(7 - 3).
2, 47
Suppose -3*a + 116 = 26. List the prime factors of a.
2, 3, 5
What are the prime factors of -8 + 12 - 4/(-2)?
2, 3
Let z(g) = 2*g - 16. Let p be z(5). What are the prime factors of 3*(0 + (-106)/p)?
53
Let y be (-4)/(-6) + (-6)/9. Let u = y - 2. List the prime factors of (u + 1 + -11)/(-1).
2, 3
Let l(z) = -6 - z**3 + 8*z + 9*z**2 + 6*z - 2. What are the prime factors of l(10)?
2
Suppose 15 = -6*x + 51. What are the prime factors of x?
2, 3
Let n be (-6)/(-4)*(-12)/9. Let h be n*(-1)/(-2) - -5. Suppose 0 = s - h*s + 27. List the prime factors of s.
3
Suppose -g = 4*a - 1 - 21, 0 = 3*a + g - 17. List the prime factors of a.
5
Suppose 0 = b + 3*o - 69, -3*o = 1 + 2. List the prime factors of b.
2, 3
Suppose 0 = -0*y + y - 57. Suppose h - y = -x, 5 = h + 2. List the prime factors of x.
2, 3
Suppose -4*g + 3*g = 1, -4*g = 4*l - 12. Suppose 3*p - 3 = -0. Suppose -l*s = -15 - p. List the prime factors of s.
2
Let v = -13 + 35. List the prime factors of v.
2, 11
Let a be ((-8)/6*-3)/2. Suppose 0 = 2*w - 5*l, 0 = a*w + 2*l - 7 - 7. What are the prime factors of w?
5
What are the prime factors of 14/(((-1)/7)/(8/(-28)))?
2, 7
Suppose 148 = 4*t + 4*o, 5*t = 5*o + 137 + 88. What are the prime factors of t?
41
List the prime factors of 20 - (-5 - 0)*4/10.
2, 11
Suppose c - 2 = -0*c. Suppose -2*z + 5*s - 43 = 85, 0 = c*z - 3*s + 124. What are the prime factors of (-3)/(-15) - z/5?
2, 3
Let n(d) = -d + 9. Let b be n(7). Let s(j) = -b*j - 2*j + 4*j + j. What are the prime factors of s(3)?
3
Suppose 5*s = -93 + 573. List the prime factors of s.
2, 3
Let o(l) = l**2 - 4*l. What 